{"id":67,"date":"2025-06-29T05:43:35","date_gmt":"2025-06-29T05:43:35","guid":{"rendered":"https:\/\/siete.mg\/?page_id=67"},"modified":"2025-07-01T08:26:49","modified_gmt":"2025-07-01T08:26:49","slug":"bar","status":"publish","type":"page","link":"https:\/\/siete.mg\/?page_id=67","title":{"rendered":"bar"},"content":{"rendered":"\t\t<div data-elementor-type=\"wp-page\" data-elementor-id=\"67\" class=\"elementor elementor-67\">\n\t\t\t\t<div class=\"elementor-element elementor-element-393b6f1 e-flex e-con-boxed e-con e-parent\" data-id=\"393b6f1\" data-element_type=\"container\" data-settings=\"{&quot;background_background&quot;:&quot;classic&quot;}\">\n\t\t\t\t\t<div class=\"e-con-inner\">\n\t\t\t\t<div class=\"elementor-element elementor-element-2d44c27 elementor-invisible elementor-widget elementor-widget-heading\" data-id=\"2d44c27\" data-element_type=\"widget\" data-settings=\"{&quot;_animation&quot;:&quot;fadeInUp&quot;}\" data-widget_type=\"heading.default\">\n\t\t\t\t<div class=\"elementor-widget-container\">\n\t\t\t\t\t<h2 class=\"elementor-heading-title elementor-size-default\">Lounge Matador\n<\/h2>\t\t\t\t<\/div>\n\t\t\t\t<\/div>\n\t\t\t\t\t<\/div>\n\t\t\t\t<\/div>\n\t\t<div class=\"elementor-element elementor-element-6fa9d80 e-flex e-con-boxed e-con e-parent\" data-id=\"6fa9d80\" data-element_type=\"container\" data-settings=\"{&quot;background_background&quot;:&quot;classic&quot;}\">\n\t\t\t\t\t<div class=\"e-con-inner\">\n\t\t\t\t<div class=\"elementor-element elementor-element-9e1db82 elementor-invisible elementor-widget elementor-widget-heading\" data-id=\"9e1db82\" data-element_type=\"widget\" data-settings=\"{&quot;_animation&quot;:&quot;fadeInUp&quot;}\" data-widget_type=\"heading.default\">\n\t\t\t\t<div class=\"elementor-widget-container\">\n\t\t\t\t\t<h2 class=\"elementor-heading-title elementor-size-default\">L\u2019esprit Matador<\/h2>\t\t\t\t<\/div>\n\t\t\t\t<\/div>\n\t\t<div class=\"elementor-element elementor-element-e58ad82 e-con-full e-flex e-con e-child\" data-id=\"e58ad82\" data-element_type=\"container\">\n\t\t\t\t<div class=\"elementor-element elementor-element-3739369 elementor-invisible elementor-widget elementor-widget-text-editor\" data-id=\"3739369\" data-element_type=\"widget\" data-settings=\"{&quot;_animation&quot;:&quot;fadeInUp&quot;}\" data-widget_type=\"text-editor.default\">\n\t\t\t\t<div class=\"elementor-widget-container\">\n\t\t\t\t\t\t\t\t\t<p><span style=\"font-weight: 400;\">Le <\/span><b>Matador<\/b><span style=\"font-weight: 400;\"> du Siete, c\u2019est un bar lounge au style moderne et raffin\u00e9, pens\u00e9 pour offrir une exp\u00e9rience unique \u00e0 Antananarivo. Cocktails cr\u00e9atifs, produits de qualit\u00e9 et ambiance \u00e9l\u00e9gante : tout est r\u00e9uni pour partager des moments inoubliables, entre d\u00e9tente et festivit\u00e9.<\/span><\/p>\t\t\t\t\t\t\t\t<\/div>\n\t\t\t\t<\/div>\n\t\t\t\t<\/div>\n\t\t\t\t<div class=\"elementor-element elementor-element-25bc33e elementor-invisible elementor-widget elementor-widget-button\" data-id=\"25bc33e\" data-element_type=\"widget\" data-settings=\"{&quot;_animation&quot;:&quot;fadeInUp&quot;}\" data-widget_type=\"button.default\">\n\t\t\t\t<div class=\"elementor-widget-container\">\n\t\t\t\t\t\t\t\t\t<div class=\"elementor-button-wrapper\">\n\t\t\t\t\t<a class=\"elementor-button elementor-button-link elementor-size-sm\" href=\"https:\/\/siete.mg\/?page_id=148\">\n\t\t\t\t\t\t<span class=\"elementor-button-content-wrapper\">\n\t\t\t\t\t\t\t\t\t<span class=\"elementor-button-text\">Contactez-Nous<\/span>\n\t\t\t\t\t<\/span>\n\t\t\t\t\t<\/a>\n\t\t\t\t<\/div>\n\t\t\t\t\t\t\t\t<\/div>\n\t\t\t\t<\/div>\n\t\t\t\t\t<\/div>\n\t\t\t\t<\/div>\n\t\t<div class=\"elementor-element elementor-element-10825a0 e-flex e-con-boxed e-con e-parent\" data-id=\"10825a0\" data-element_type=\"container\">\n\t\t\t\t\t<div class=\"e-con-inner\">\n\t\t<div class=\"elementor-element elementor-element-152c464 e-con-full e-flex elementor-invisible e-con e-child\" data-id=\"152c464\" data-element_type=\"container\" data-settings=\"{&quot;animation&quot;:&quot;fadeInLeft&quot;}\">\n\t\t\t\t<div class=\"elementor-element elementor-element-638cd0c elementor-widget elementor-widget-heading\" data-id=\"638cd0c\" data-element_type=\"widget\" data-widget_type=\"heading.default\">\n\t\t\t\t<div class=\"elementor-widget-container\">\n\t\t\t\t\t<h2 class=\"elementor-heading-title elementor-size-default\">Ambiance Lounge &amp; Cocktails Signatures<\/h2>\t\t\t\t<\/div>\n\t\t\t\t<\/div>\n\t\t<div class=\"elementor-element elementor-element-c3f9942 e-con-full e-flex e-con e-child\" data-id=\"c3f9942\" data-element_type=\"container\">\n\t\t\t\t<div class=\"elementor-element elementor-element-e5162a7 elementor-widget elementor-widget-text-editor\" data-id=\"e5162a7\" data-element_type=\"widget\" data-widget_type=\"text-editor.default\">\n\t\t\t\t<div class=\"elementor-widget-container\">\n\t\t\t\t\t\t\t\t\t<p><span style=\"font-weight: 400;\">Le <\/span><b>Matador<\/b><span style=\"font-weight: 400;\"> vous plonge dans une atmosph\u00e8re chic et feutr\u00e9e, parfaite pour savourer des cocktails uniques, con\u00e7us par nos mixologues. Un lieu incontournable pour vos soir\u00e9es \u00e0 Antananarivo.<\/span><\/p>\t\t\t\t\t\t\t\t<\/div>\n\t\t\t\t<\/div>\n\t\t\t\t<\/div>\n\t\t<div class=\"elementor-element elementor-element-f3cb422 e-con-full e-flex e-con e-child\" data-id=\"f3cb422\" data-element_type=\"container\">\n\t\t\t\t<div class=\"elementor-element elementor-element-aa823f9 elementor-widget elementor-widget-image\" data-id=\"aa823f9\" data-element_type=\"widget\" data-widget_type=\"image.default\">\n\t\t\t\t<div class=\"elementor-widget-container\">\n\t\t\t\t\t\t\t\t\t\t\t\t\t\t\t<img decoding=\"async\" src=\"https:\/\/siete.mg\/wp-content\/uploads\/elementor\/thumbs\/WhatsApp-Image-2025-05-17-at-15.00.40-1-r83yxodd0vrkxso0ythd4suruqr14vlrfzdp8kw8so.jpeg\" title=\"WhatsApp Image 2025-05-17 at 15.00.40 (1)\" alt=\"WhatsApp Image 2025-05-17 at 15.00.40 (1)\" loading=\"lazy\" \/>\t\t\t\t\t\t\t\t\t\t\t\t\t\t\t<\/div>\n\t\t\t\t<\/div>\n\t\t\t\t<\/div>\n\t\t\t\t<\/div>\n\t\t<div class=\"elementor-element elementor-element-5160722 e-con-full e-flex elementor-invisible e-con e-child\" data-id=\"5160722\" data-element_type=\"container\" data-settings=\"{&quot;animation&quot;:&quot;fadeInRight&quot;}\">\n\t\t\t\t<div class=\"elementor-element elementor-element-4aea320 elementor-widget elementor-widget-heading\" data-id=\"4aea320\" data-element_type=\"widget\" data-widget_type=\"heading.default\">\n\t\t\t\t<div class=\"elementor-widget-container\">\n\t\t\t\t\t<h2 class=\"elementor-heading-title elementor-size-default\">Le Spot Id\u00e9al pour Vos Soir\u00e9es<\/h2>\t\t\t\t<\/div>\n\t\t\t\t<\/div>\n\t\t<div class=\"elementor-element elementor-element-0a02b62 e-con-full e-flex e-con e-child\" data-id=\"0a02b62\" data-element_type=\"container\">\n\t\t\t\t<div class=\"elementor-element elementor-element-7795aa6 elementor-widget elementor-widget-text-editor\" data-id=\"7795aa6\" data-element_type=\"widget\" data-widget_type=\"text-editor.default\">\n\t\t\t\t<div class=\"elementor-widget-container\">\n\t\t\t\t\t\t\t\t\t<p><span style=\"font-weight: 400;\">Afterwork, ap\u00e9ro ou moment entre amis, le <\/span><b>bar lounge Matador<\/b><span style=\"font-weight: 400;\"> est l\u2019adresse o\u00f9 style, saveurs et ambiance se rencontrent pour une exp\u00e9rience m\u00e9morable dans la capitale.<\/span><\/p>\t\t\t\t\t\t\t\t<\/div>\n\t\t\t\t<\/div>\n\t\t\t\t<\/div>\n\t\t<div class=\"elementor-element elementor-element-12bac4d e-con-full e-flex e-con e-child\" data-id=\"12bac4d\" data-element_type=\"container\">\n\t\t\t\t<div class=\"elementor-element elementor-element-7032a42 elementor-widget elementor-widget-image\" data-id=\"7032a42\" data-element_type=\"widget\" data-widget_type=\"image.default\">\n\t\t\t\t<div class=\"elementor-widget-container\">\n\t\t\t\t\t\t\t\t\t\t\t\t\t\t\t<img decoding=\"async\" src=\"https:\/\/siete.mg\/wp-content\/uploads\/elementor\/thumbs\/WhatsApp-Image-2025-05-17-at-15.00.45-1-r83z3129xx3d1uw4pmrvty89mqd9ytuqih48mayjd4.jpeg\" title=\"WhatsApp Image 2025-05-17 at 15.00.45 (1)\" alt=\"WhatsApp Image 2025-05-17 at 15.00.45 (1)\" loading=\"lazy\" \/>\t\t\t\t\t\t\t\t\t\t\t\t\t\t\t<\/div>\n\t\t\t\t<\/div>\n\t\t\t\t<\/div>\n\t\t\t\t<\/div>\n\t\t\t\t\t<\/div>\n\t\t\t\t<\/div>\n\t\t<div class=\"elementor-element elementor-element-0b8e464 e-flex e-con-boxed e-con e-parent\" data-id=\"0b8e464\" data-element_type=\"container\" data-settings=\"{&quot;background_background&quot;:&quot;classic&quot;}\">\n\t\t\t\t\t<div class=\"e-con-inner\">\n\t\t<div class=\"elementor-element elementor-element-33a998c e-con-full e-flex elementor-invisible e-con e-child\" data-id=\"33a998c\" data-element_type=\"container\" data-settings=\"{&quot;background_background&quot;:&quot;classic&quot;,&quot;animation&quot;:&quot;zoomIn&quot;}\">\n\t\t\t\t<div class=\"elementor-element elementor-element-6f4a56a elementor-widget elementor-widget-heading\" data-id=\"6f4a56a\" data-element_type=\"widget\" data-widget_type=\"heading.default\">\n\t\t\t\t<div class=\"elementor-widget-container\">\n\t\t\t\t\t<h2 class=\"elementor-heading-title elementor-size-default\">La Carte du<\/h2>\t\t\t\t<\/div>\n\t\t\t\t<\/div>\n\t\t\t\t<div class=\"elementor-element elementor-element-221538f elementor-widget elementor-widget-heading\" data-id=\"221538f\" data-element_type=\"widget\" data-widget_type=\"heading.default\">\n\t\t\t\t<div class=\"elementor-widget-container\">\n\t\t\t\t\t<h2 class=\"elementor-heading-title elementor-size-default\">BAR<\/h2>\t\t\t\t<\/div>\n\t\t\t\t<\/div>\n\t\t<div class=\"elementor-element elementor-element-5d0fde2 e-con-full e-flex e-con e-child\" data-id=\"5d0fde2\" data-element_type=\"container\">\n\t\t\t\t<div class=\"elementor-element elementor-element-c4807d7 elementor-widget elementor-widget-text-editor\" data-id=\"c4807d7\" data-element_type=\"widget\" data-widget_type=\"text-editor.default\">\n\t\t\t\t<div class=\"elementor-widget-container\">\n\t\t\t\t\t\t\t\t\t<p><span style=\"font-weight: 400;\">Le <\/span><b>Matador<\/b><span style=\"font-weight: 400;\"> vous propose une s\u00e9lection de cocktails signatures, de grands classiques revisit\u00e9s et de boissons premium, dans une ambiance chic et d\u00e9contract\u00e9e. Une carte pens\u00e9e pour accompagner vos soir\u00e9es festives \u00e0 Antananarivo, entre partage, cr\u00e9ativit\u00e9 et plaisir.<\/span><\/p>\t\t\t\t\t\t\t\t<\/div>\n\t\t\t\t<\/div>\n\t\t\t\t<\/div>\n\t\t\t\t<div class=\"elementor-element elementor-element-c4583ab elementor-widget elementor-widget-button\" data-id=\"c4583ab\" data-element_type=\"widget\" data-widget_type=\"button.default\">\n\t\t\t\t<div class=\"elementor-widget-container\">\n\t\t\t\t\t\t\t\t\t<div class=\"elementor-button-wrapper\">\n\t\t\t\t\t<a class=\"elementor-button elementor-button-link elementor-size-sm\" href=\"https:\/\/siete.mg\/?page_id=90\">\n\t\t\t\t\t\t<span class=\"elementor-button-content-wrapper\">\n\t\t\t\t\t\t\t\t\t<span class=\"elementor-button-text\">D\u00e9couvrir<\/span>\n\t\t\t\t\t<\/span>\n\t\t\t\t\t<\/a>\n\t\t\t\t<\/div>\n\t\t\t\t\t\t\t\t<\/div>\n\t\t\t\t<\/div>\n\t\t\t\t<\/div>\n\t\t<div class=\"elementor-element elementor-element-c30cd58 e-con-full e-flex elementor-invisible e-con e-child\" data-id=\"c30cd58\" data-element_type=\"container\" data-settings=\"{&quot;background_background&quot;:&quot;classic&quot;,&quot;animation&quot;:&quot;zoomIn&quot;}\">\n\t\t\t\t<\/div>\n\t\t\t\t\t<\/div>\n\t\t\t\t<\/div>\n\t\t<div class=\"elementor-element elementor-element-b4fbf05 e-flex e-con-boxed e-con e-parent\" data-id=\"b4fbf05\" data-element_type=\"container\" data-settings=\"{&quot;background_background&quot;:&quot;classic&quot;}\">\n\t\t\t\t\t<div class=\"e-con-inner\">\n\t\t<div class=\"elementor-element elementor-element-0872c7c e-con-full e-flex elementor-invisible e-con e-child\" data-id=\"0872c7c\" data-element_type=\"container\" data-settings=\"{&quot;background_background&quot;:&quot;classic&quot;,&quot;animation&quot;:&quot;fadeInLeft&quot;}\">\n\t\t\t\t<div class=\"elementor-element elementor-element-255bf43 elementor-widget elementor-widget-image\" data-id=\"255bf43\" data-element_type=\"widget\" data-widget_type=\"image.default\">\n\t\t\t\t<div class=\"elementor-widget-container\">\n\t\t\t\t\t\t\t\t\t\t\t\t\t\t\t<img fetchpriority=\"high\" decoding=\"async\" width=\"800\" height=\"533\" src=\"https:\/\/siete.mg\/wp-content\/uploads\/2025\/07\/WhatsApp-Image-2025-05-17-at-15.00.38-1024x682.jpeg\" class=\"attachment-large size-large wp-image-340\" alt=\"\" srcset=\"https:\/\/siete.mg\/wp-content\/uploads\/2025\/07\/WhatsApp-Image-2025-05-17-at-15.00.38-1024x682.jpeg 1024w, https:\/\/siete.mg\/wp-content\/uploads\/2025\/07\/WhatsApp-Image-2025-05-17-at-15.00.38-300x200.jpeg 300w, https:\/\/siete.mg\/wp-content\/uploads\/2025\/07\/WhatsApp-Image-2025-05-17-at-15.00.38-768x512.jpeg 768w, https:\/\/siete.mg\/wp-content\/uploads\/2025\/07\/WhatsApp-Image-2025-05-17-at-15.00.38.jpeg 1280w\" sizes=\"(max-width: 800px) 100vw, 800px\" \/>\t\t\t\t\t\t\t\t\t\t\t\t\t\t\t<\/div>\n\t\t\t\t<\/div>\n\t\t\t\t<\/div>\n\t\t<div class=\"elementor-element elementor-element-e1c9acb e-con-full e-flex elementor-invisible e-con e-child\" data-id=\"e1c9acb\" data-element_type=\"container\" data-settings=\"{&quot;background_background&quot;:&quot;classic&quot;,&quot;animation&quot;:&quot;fadeInRight&quot;}\">\n\t\t\t\t<div class=\"elementor-element elementor-element-2dcf138 elementor-widget elementor-widget-heading\" data-id=\"2dcf138\" data-element_type=\"widget\" data-widget_type=\"heading.default\">\n\t\t\t\t<div class=\"elementor-widget-container\">\n\t\t\t\t\t<h2 class=\"elementor-heading-title elementor-size-default\">Les Moments Forts du Matador<\/h2>\t\t\t\t<\/div>\n\t\t\t\t<\/div>\n\t\t<div class=\"elementor-element elementor-element-993c7ca e-con-full e-flex e-con e-child\" data-id=\"993c7ca\" data-element_type=\"container\">\n\t\t\t\t<div class=\"elementor-element elementor-element-aad34c3 elementor-widget elementor-widget-text-editor\" data-id=\"aad34c3\" data-element_type=\"widget\" data-widget_type=\"text-editor.default\">\n\t\t\t\t<div class=\"elementor-widget-container\">\n\t\t\t\t\t\t\t\t\t<p><span style=\"font-weight: 400;\">Au <\/span><b>Matador<\/b><span style=\"font-weight: 400;\">, chaque soir\u00e9e est unique. Entre DJ sets, concerts live, afterworks et d\u00e9gustations exclusives, vivez l\u2019effervescence d\u2019Antananarivo dans un cadre chaleureux. Suivez-nous sur les r\u00e9seaux pour ne rien rater de notre agenda festif.<\/span><\/p>\t\t\t\t\t\t\t\t<\/div>\n\t\t\t\t<\/div>\n\t\t\t\t<\/div>\n\t\t\t\t<div class=\"elementor-element elementor-element-5f9dced elementor-widget elementor-widget-button\" data-id=\"5f9dced\" data-element_type=\"widget\" data-widget_type=\"button.default\">\n\t\t\t\t<div class=\"elementor-widget-container\">\n\t\t\t\t\t\t\t\t\t<div class=\"elementor-button-wrapper\">\n\t\t\t\t\t<a class=\"elementor-button elementor-button-link elementor-size-sm\" href=\"#\">\n\t\t\t\t\t\t<span class=\"elementor-button-content-wrapper\">\n\t\t\t\t\t\t\t\t\t<span class=\"elementor-button-text\">Contactez-Nous<\/span>\n\t\t\t\t\t<\/span>\n\t\t\t\t\t<\/a>\n\t\t\t\t<\/div>\n\t\t\t\t\t\t\t\t<\/div>\n\t\t\t\t<\/div>\n\t\t\t\t<\/div>\n\t\t\t\t\t<\/div>\n\t\t\t\t<\/div>\n\t\t<div class=\"elementor-element elementor-element-bef9e9e e-flex e-con-boxed e-con e-parent\" data-id=\"bef9e9e\" data-element_type=\"container\">\n\t\t\t\t\t<div class=\"e-con-inner\">\n\t\t\t\t\t<\/div>\n\t\t\t\t<\/div>\n\t\t\t\t<\/div>\n\t\t","protected":false},"excerpt":{"rendered":"<p>Lounge Matador L\u2019esprit Matador Le Matador du Siete, c\u2019est un bar lounge au style moderne et raffin\u00e9, pens\u00e9 pour offrir une exp\u00e9rience unique \u00e0 Antananarivo. Cocktails cr\u00e9atifs, produits de qualit\u00e9 et ambiance \u00e9l\u00e9gante : tout est r\u00e9uni pour partager des moments inoubliables, entre d\u00e9tente et festivit\u00e9. Contactez-Nous Ambiance Lounge &amp; Cocktails Signatures Le Matador vous [&hellip;]<\/p>\n","protected":false},"author":1,"featured_media":0,"parent":0,"menu_order":0,"comment_status":"closed","ping_status":"closed","template":"elementor_header_footer","meta":{"footnotes":""},"class_list":["post-67","page","type-page","status-publish","hentry"],"_links":{"self":[{"href":"https:\/\/siete.mg\/index.php?rest_route=\/wp\/v2\/pages\/67","targetHints":{"allow":["GET"]}}],"collection":[{"href":"https:\/\/siete.mg\/index.php?rest_route=\/wp\/v2\/pages"}],"about":[{"href":"https:\/\/siete.mg\/index.php?rest_route=\/wp\/v2\/types\/page"}],"author":[{"embeddable":true,"href":"https:\/\/siete.mg\/index.php?rest_route=\/wp\/v2\/users\/1"}],"replies":[{"embeddable":true,"href":"https:\/\/siete.mg\/index.php?rest_route=%2Fwp%2Fv2%2Fcomments&post=67"}],"version-history":[{"count":28,"href":"https:\/\/siete.mg\/index.php?rest_route=\/wp\/v2\/pages\/67\/revisions"}],"predecessor-version":[{"id":355,"href":"https:\/\/siete.mg\/index.php?rest_route=\/wp\/v2\/pages\/67\/revisions\/355"}],"wp:attachment":[{"href":"https:\/\/siete.mg\/index.php?rest_route=%2Fwp%2Fv2%2Fmedia&parent=67"}],"curies":[{"name":"wp","href":"https:\/\/api.w.org\/{rel}","templated":true}]}}